 o(w). Suppose -v*r + i + 1480 = 2*r, -1863 = -5*r - 2*i. Is r composite?
True
Let d(x) = -3 + 320*x**3 + x + 3*x**2 + 339*x**3 - 89*x**3. Suppose -78 = 8*l - 86. Is d(l) a composite number?
False
Is 14 - 1 - 21316240/(-88) a prime number?
True
Suppose -100*v = -101*v. Suppose 5*i + v*i = 20, 4*d + 2*i - 21052 = 0. Is d a prime number?
True
Suppose 4*x + 5*d - 920 = 0, -4*x = 4*d - 3*d - 920. Suppose 9*c - 11*c = -x. Let g = c - -30. Is g composite?
True
Let m be (-3)/(-7) - 0 - 99/(-63). Suppose 5*l = -5*t - 4436 - 2654, 2827 = -m*l + t. Let r = 3468 + l. Is r a composite number?
False
Let j(f) = -4612*f + 1001. Is j(-3) a composite number?
True
Let y = 54990 - 25153. Is y composite?
False
Let x(z) = -z**3 + 29*z**2 - 66*z + 89. Is x(-36) a composite number?
True
Suppose -5*k - 4*d - 44 - 25 = 0, -3*k + 5*d = 71. Let g(t) = 6*t**2 + 12*t - 19. Is g(k) a composite number?
False
Let v = 224 + -220. Suppose -v*i - 5783 = -c, 4*c = 3*c + i + 5780. Is c prime?
True
Suppose -5*f - 18599 = 6*r - 7*r, 0 = -9*r + f + 167303. Is r composite?
True
Let i = 3529746 + -2065889. Is i a composite number?
False
Let n = -23734 + 51563. Is n composite?
True
Let j(r) = 2066*r**2 - 4*r + 7. Let x(q) = -q**3 + 2*q**2 + 13*q + 12. Let v be x(5). Is j(v) composite?
False
Let c(b) = -4*b**2 - 14*b + 84691. Is c(0) a prime number?
True
Let u be 462/22 + (3 - -1). Suppose -u*m + 89943 = -4*m. Is m composite?
False
Suppose 2*i - 12*p - 31487 = -15*p, -i = 5*p - 15726. Is i a prime number?
False
Is ((-952694)/(-7) - 3) + -3 + 24/(-168) prime?
True
Let r(n) = 1068*n**2 - 14*n + 11. Is r(-6) prime?
True
Is 16/14 - (-99747)/21 composite?
False
Let y(x) = 7*x**2 - 6*x - 14. Let r = -61 + 55. Let p(b) = -b**3 - 7*b**2 - 9*b - 11. Let u be p(r). Is y(u) a prime number?
False
Let w(j) = j + 8. Let l be w(-4). Let g be ((-3)/(-4) - 1) + 3613/l. Let m = -404 + g. Is m composite?
False
Let x(n) = -618*n + 32. Let q(g) = -g**2 - 12*g - 36. Let r be q(-9). Is x(r) composite?
True
Let j = 220 + -172. Is 3275 + 4/5 + j/(-10) a composite number?
False
Let m = 1 - -8. Let u = m + -16. Let p(v) = 31*v**2 + 5*v - 3. Is p(u) prime?
True
Suppose -3*i + 5*h = -2171 - 548, 5*h = 5. Let v be -9 + 2 + 3 - -1*i. Suppose 5*y - 5429 = -v. Is y a composite number?
True
Suppose 0 = 2*k - 4*o - 542834, k + 67066 = -10*o + 338495. Is k a composite number?
True
Suppose 0 = -2*y + 3*w + 2080972, -302*y - w = -301*y - 1040481. Is y composite?
False
Let u be (-99)/(-21) - 5 - 46/(-14). Suppose -4*a - 1134 = -7*a - u*o, 0 = -2*a - 5*o + 759. Is a prime?
False
Let w = -69586 - -190991. Is w a prime number?
False
Let b(j) = 1257*j + 61. Let m be b(-7). Is m/(-51)*(-3)/(-2) composite?
False
Let d = -83682 + 235931. Is d a prime number?
True
Let y(w) be the second derivative of -11*w**3/2 + 19837*w**2/2 + 116*w. Is y(0) a composite number?
True
Suppose 65*c = 69*c + n - 218554, 5*c + 2*n = 273197. Is c a composite number?
True
Let n = 30299 + -13804. Is n composite?
True
Let m = 21451 - 53336. Let a = 1036 - m. Is a a composite number?
True
Suppose -1267465 = -36*n + 4860419. Is n a prime number?
False
Let t be (1 - 1)*2/(-4). Let l(r) = -r**3 + 4*r**2 - 2*r + 10. Let i be l(4). Suppose 502 = i*f - t*f. Is f a prime number?
True
Let t = 64120 - -13423. Is t a prime number?
True
Let y(a) = 19*a**2 + 11*a + 25. Let m(o) = o - 16. Suppose 9 + 1 = 2*i. Let b be m(i). Is y(b) a composite number?
False
Is 473*205 + 984/82 a composite number?
True
Suppose -6*u + 66 = -126. Suppose n + 2050 = z, -3*n + 8221 = -u*z + 36*z. Is z a composite number?
False
Is ((-132)/154)/((-2)/117390) + -5 composite?
True
Suppose 4*i = 20, 0 = 2*a - 5*i - 43 + 2. Let w(q) = 135*q + 218. Is w(a) composite?
False
Let s = 46069 + -9398. Is s a composite number?
False
Suppose 101*v + 789617 = 138*v. Is v prime?
True
Let n be 8/(-1)*4*3/(-32). Suppose -n*s - 3*o + 6888 = 1473, 0 = 3*s - 2*o - 5395. Is s prime?
True
Let c be (-3)/(-9 + 0)*201. Suppose c - 19 = -w. Is 6684/w*-2*2 a prime number?
True
Let w be 0/5 - -19 - -1*1. Is 5/(w/12) + 2754 composite?
True
Let t = -22 + 50. Let v be 1/(8/6) - 105/t. Let s(a) = -17*a + 6. Is s(v) composite?
True
Let b(u) = 4197*u**2 - 4*u + 4. Let n be b(2). Suppose 12*q = -4*q + n. Is q a composite number?
False
Let v(m) be the third derivative of 83*m**5/10 - m**4/8 - 32*m**3/3 + 9*m**2 - 5*m. Is v(6) a composite number?
True
Suppose -o = -r + 91656, -363661 = -4*r - 2*o + 2963. Let m = r + -60437. Is m composite?
False
Let o = 88407 - 25378. Is o prime?
True
Is ((-322744)/56)/((-9)/63) a prime number?
True
Is (-4)/78 + (-12586494060)/(-9828) composite?
False
Let k be 1203/(-1 + 2/4). Let v = -983 - k. Is v prime?
True
Let r(n) = 3*n - 11. Let w be 4/3*30/8. Let t be r(w). Suppose -s + t*s = 1842. Is s composite?
True
Let i(f) = f**2 - 3*f - 25. Let j be i(7). Suppose -931742 + 234812 = j*h. Is (-4)/10 - (h/25 + -1) prime?
True
Let u be (1788/(-10))/(30/(-100)). Let l = u - -68. Suppose 51*k = 47*k + l. Is k prime?
False
Suppose 0 = -11*y - 6*y + 89386. Suppose -8*g + y = -68606. Is g composite?
True
Let r(m) = -531*m + 175. Let u(n) = -266*n + 88. Let i(x) = -3*r(x) + 5*u(x). Let q be i(27). Let k = q + -4863. Is k a prime number?
True
Let x(p) = 401*p**2 - 14*p - 63. Let m be x(-8). Suppose -14*h + 6389 = -m. Is h a composite number?
False
Let f be (0 + (-10)/(-6))*33. Suppose 0 = 5*v - 3*z + 10586, -5*v - 5*z - f - 10515 = 0. Let u = 3589 + v. Is u composite?
True
Let j = 455 + -420. Suppose -18*d + j*d - 190349 = 0. Is d prime?
True
Let b(v) = 366*v**2 - 135*v - 611. Is b(30) prime?
False
Let c(u) = -274*u**3 + 5*u**2 - 77*u - 175. Is c(-11) prime?
False
Let t be ((-3)/(-2))/((-9)/(-12)). Suppose 4 = t*j - 0. Is 1/(j/382)*1 prime?
True
Let b = 53173 - -2965. Is b a prime number?
False
Suppose -48*k = -62*k + 231854. Is k prime?
True
Suppose 128*k + 5178505 = 33603593. Is k composite?
True
Suppose 3*l = -3*p + 29664, p - 2138 = -4*l + 7735. Is p prime?
False
Is -1 + (8 - (-4 + 8) - 41982/(-3)) prime?
True
Suppose 13421826 = 72*p - 1585350. Is p prime?
True
Let h = 12991 - 6212. Is h a composite number?
False
Let p = -352 + 247. Is 14/p - 5714*191/(-30) a composite number?
True
Suppose -6697365 + 2599766 = -43*f. Is f a prime number?
False
Let z(b) = 2353*b + 4. Let s be z(-13). Let y = s - -52694. Is y composite?
False
Let r(v) = 19*v**2 + 2*v + 11. Let g be r(3). Let z = 666 - g. Is z a prime number?
False
Suppose -114*j - 1511353 = 23*j - 3788430. Is j a composite number?
True
Suppose -8*a + 59248 = -30544. Is 0 + 0 + a/8 + -4 prime?
True
Let p(t) = 23955*t - 3038. Is p(3) prime?
False
Let h(f) = -8*f**3 + 2*f**2 - 8*f - 19. Suppose 4*d + s - 4*s + 41 = 0, -5*d + 3*s - 49 = 0. Is h(d) prime?
False
Suppose -12*m + 10*m + 2396 = -3*k, -3200 = 4*k - 4*m. Let l = 4739 + k. Is l a composite number?
False
Let n(g) = 72*g**3 + 20*g**2 - 49*g + 115. Is n(12) a composite number?
False
Let w be (-3)/(3 - (-108)/(-34)). Suppose w = 5*s - 2*c, 2*s - 5*c - 11 = -0*s. Suppose -5*q + 238 = -s*q. Is q composite?
True
Let l be (18/(-7))/((-119)/833). Is 367592/l - (-98)/441 composite?
True
Let h = 728068 - 501191. Is h composite?
True
Suppose o + d - 1445 = -d, 2*d = o - 1453. Suppose -2*v - 754 = -1854. Let t = o - v. Is t prime?
False
Suppose u + 728 = 4*l - 678, 2*l - u - 704 = 0. Let s(d) = d**2 + 17*d + 24. Let f be s(-7). Let r = l - f. Is r composite?
False
Suppose -489188 = -17*d + 3686369. Is d a composite number?
False
Is 11 - -188611 - 4 - 3 - (-3 - -7) a prime number?
False
Is 21 - (90/18 + -63085) prime?
False
Let p be (5/2)/(9/18). Suppose -4*q + 3*b = 1, q + 2 = p*b - 6*b. Is 37/(0 + 64/(-68) - q) composite?
True
Suppose x - 6*x + 2180 = 0. Let n be -5*(-3 - 17/(510/(-72))). Suppose -l + n*l = -4*z + 218, -4*l = 3*z - x. Is l a prime number?
True
Let y = 6 - 6. Suppose -4*k + 4*m = m + 31, y = k - 3*m + 19. Is k/(-28) - 13872/(-14) a prime number?
True
Let s = 10205 + -4366. Is s prime?
True
Let g be 104/(-468) - (1 + (-754)/(-9)). Let x be (1 - -2531)/(-1 + g/(-70)). Is x/40 - (-4)/(-10) a prime number?
False
Suppose -f = -m + 16356, -180*m + 175*m - f + 81738 = 0. Is m a prime number?
True
Let j(b) = b**3 + b - 1. Let n(t) = -53*t**3 + 2*t**2 - 3*t + 2. Let d(u) = 3*j(u) + n(u). Let c be (-130)/